nits digit of a?
3
Let k(r) = -109*r + 175. Let m = -184 - -180. What is the hundreds digit of k(m)?
6
Let k(c) = 3 - 246*c + 0 + 0 - 5. Let g be k(-1). Suppose -2*r - d + g = 0, -5*r + 3*d + 602 + 30 = 0. What is the hundreds digit of r?
1
Suppose j - 3*o + o = 4, -20 = -5*j + 2*o. Suppose 0 = -g + j. Suppose -265 = -4*t + 2*n + 125, -g*t = -3*n - 389. What is the tens digit of t?
9
Suppose p + 1 = -4*d + 8*d, -3*d + p + 1 = 0. Suppose d = -4*m - 3*t + 165, -20 + 110 = 2*m + 4*t. What is the units digit of (m/(-1))/(10 + -13)?
3
Let f(v) = -v**3 + 10*v**2 - 3*v + 33. Let g be f(10). Suppose 9 = g*l, o - l = 3*l + 173. What is the hundreds digit of o?
1
Let i be (0 + -5)*(0 + (-236)/(-10)). Let x = 232 + i. What is the tens digit of x?
1
Suppose -261*x - 655867 + 2640579 = -2230699. What is the thousands digit of x?
6
Let i(z) = z**3 + 20*z**2 - 4*z - 40. Let o be i(-18). Let y = o + -293. What is the hundreds digit of y?
3
What is the units digit of -9 - (-63)/(-21) - -77139?
7
Let h(w) = w**2 - w + 1. Let c be h(4). Let y(r) = r**3 - 7*r**2 - 5*r + 17. Let p be y(c). Suppose -p + 21 = -5*x. What is the units digit of x?
9
Let p(c) = -9*c**3 - 5*c**2 - 2*c - 2. Let m be p(-4). Let h = m - 313. Let d = 370 - h. What is the hundreds digit of d?
1
Let c(g) be the third derivative of 0*g - 1/4*g**4 - 17*g**2 + 0 + 1/20*g**5 + 10/3*g**3. What is the hundreds digit of c(8)?
1
Let i(p) = 500*p**2 + 104*p + 409. What is the hundreds digit of i(-4)?
9
Suppose 2*g = -0*g - 714. Suppose 3*h = -3*l + 7*h - 702, 3*l + 717 = -h. Let n = l - g. What is the tens digit of n?
1
What is the units digit of (-2 - (-21933)/(-2))*(-17 + (6 - -5))?
1
Let p = 29 - 49. Let b = p - -35. Suppose b*l - 208 = 11*l. What is the tens digit of l?
5
Let a(v) = 7*v**2 - 7*v + 4. Let r(h) = 6*h**2 - 6*h + 3. Let g(y) = 4*a(y) - 5*r(y). Let m be g(-5). Let w = m - -91. What is the tens digit of w?
3
Let r(u) = -28 - 10 - 2*u - u + 86 - 22. Let c be 65/(-10) + 1/2. What is the tens digit of r(c)?
4
Let s = 34 - 15. Suppose -s*t = -14*t - 400. Let o = t - -23. What is the tens digit of o?
0
Let m(w) = w**3 - w**2 - w - 2. Let s be m(2). Suppose -3*b - 7*b + 2070 = s. What is the tens digit of b?
0
Let u(w) = w**3 - 8*w**2 + 13*w - 57. Let g be u(10). Let s = g + 88. What is the hundreds digit of s?
3
Let v be ((-98)/(-21))/(-2)*-3. What is the tens digit of 3393/v + 36/126?
8
Suppose -3*i = 6 + 60. Let l = i - -46. Suppose -l = -r + 41. What is the tens digit of r?
6
Let s(l) = 107*l + 117. Let d = -187 + 192. What is the hundreds digit of s(d)?
6
Let i(p) = 2*p**2 + 9*p + 8. Let j be i(-7). Let o = 21 - j. Let m = o - -72. What is the tens digit of m?
5
Let c(a) be the second derivative of 61*a**4/12 - 8*a**3/3 - 43*a**2/2 + 2*a + 22. What is the units digit of c(-4)?
7
What is the hundreds digit of 50476*(132/16 - 16/2)?
6
Let m be (-8)/(-3) + 4/(-6). Suppose 97 = 6*l - 0*l + 85. Suppose m*f - 241 = -3*w, -5*w + l*f + 399 = 4*f. What is the tens digit of w?
7
Suppose 11846*x - 11835*x = 82665. What is the units digit of x?
5
What is the thousands digit of 17433/12 - (-2 - (-3)/4)?
1
Let n = 25014 - 17001. What is the hundreds digit of n?
0
Suppose -33018 - 9732 = -19*y. Suppose 26*a - 29*a = -y. What is the hundreds digit of a?
7
Let h(s) = -s**3 + 6*s**2 - 4*s + 3. Let y be h(5). Let a(k) = k**3 + k**2 - 3*k - 10. Let b be a(y). Let v = 821 - b. What is the units digit of v?
9
Let j be (-1 - -52)*(48/(-9) - 1). What is the tens digit of (-24)/(2 + -6) - j?
2
Let o(z) be the first derivative of 73*z**4/4 + z**3/3 - 5*z**2/2 + 11*z + 120. What is the tens digit of o(2)?
8
What is the hundreds digit of 4171 - (6 + (-65)/5)?
1
Let x(s) = s**2 + 13*s + 42. Let j be x(-7). Suppose v = -4*w + 4, -w - w + 3*v + 2 = j. What is the units digit of w?
1
Let g be (-495)/(-66) - (-3)/2. What is the hundreds digit of -12 - (-4701)/g - 2/(-3)?
5
Suppose 5*f + 5 = 0, -38*f = -2*t - 41*f + 4859. Suppose -22*m = -18359 - t. What is the tens digit of m?
4
Let i be 123*(512/(-20))/((-6)/(-10)). Let v be i/(-36) + 8/36. Suppose 45*y - 43*y = v. What is the tens digit of y?
7
Let p(k) = -k - 14. Let b be p(-10). Let o = b - -297. What is the hundreds digit of o?
2
Let q = 1898 + -850. What is the tens digit of q?
4
Suppose -1263 = 7*q - 3. Let s be 1*(20 - -704)*(-1)/2. Let a = q - s. What is the units digit of a?
2
Let k(x) = x - 80. Let b(f) = 27. Let i(n) = 7*b(n) + 2*k(n). Let c be i(-14). What is the units digit of c/7 + 6/28*32?
7
Let n(j) = -j**2 - 32*j - 77. Let y be n(-30). Let o(r) = -22*r + 133. What is the hundreds digit of o(y)?
5
Let k = 894 + -484. Suppose k = 14*j - 12*j. Suppose -n - j = -5*o + 89, 0 = -5*o - 3*n + 298. What is the tens digit of o?
5
Let z = -30961 + 80792. What is the ten thousands digit of z?
4
Let u(q) = 32*q - 20. Let y be u(6). Let g = y - 102. Suppose -5*k + g = x, 3*x - 190 = -x - 2*k. What is the tens digit of x?
4
Suppose -3*q - 182 = 2785. Let j = q + 699. Let n = -203 - j. What is the tens digit of n?
8
Suppose -6*g = -4*g + 1102. Let w = 771 + g. Let l = 320 - w. What is the hundreds digit of l?
1
Let f = -2580 - -13123. What is the units digit of f?
3
Let x(o) = -14*o**2 + 5*o + 4. Let b be x(-1). Let p(s) = -3*s + 22. Let j be p(b). Let z = j + 163. What is the tens digit of z?
3
Suppose 0 = -280*q + 231*q + 230447. What is the units digit of q?
3
Suppose -6*w + 8 = -5*w. What is the units digit of 16/w + 1 - -111?
4
Suppose n = 22 - 29. Let y(z) = 4*z**2 - z + 2. Let q be y(-4). Let w = q + n. What is the units digit of w?
3
Let l = 3969 - -3474. What is the thousands digit of l?
7
Suppose 175*u + 3*f = 177*u - 7976, -2*u + 7972 = -f. What is the tens digit of u?
8
Suppose 0 = -2*h - 5*t - 723, -3*t = 4*h - t + 1406. Let p = h - -561. What is the tens digit of p?
1
Let m(j) = 44*j**3 - 3*j**2 + j + 42. What is the hundreds digit of m(5)?
4
Suppose 33*n - 26179 - 29426 = 0. Let h = 2861 - n. What is the hundreds digit of h?
1
Suppose 199 = -32*i - 1337. What is the units digit of i/15*(-735)/6?
2
Suppose -2*b + 2*v - 9 = 19, -4*b = v + 31. Let q(f) = f + 39. Let x be q(b). Suppose -x*z = -34*z + 720. What is the units digit of z?
0
Let q(u) = -723*u + 451. What is the hundreds digit of q(-7)?
5
Let m = 3035 + 4150. What is the hundreds digit of m?
1
Let g(y) = -8*y**3 - 21*y**2 + 2*y - 10. Let o be g(-9). Suppose 16*z - o = 12521. What is the units digit of z?
9
Suppose 6*s + 72 = 4*s. What is the tens digit of (s/15)/6 + (-36936)/(-40)?
2
Let v(z) = z**3 - 16*z**2 - 13*z + 21. Suppose 51 = 6*o - 3*o. What is the units digit of v(o)?
9
What is the thousands digit of 0 + -2 - (2 - -10)*(-215140)/80?
2
Suppose -5*j + 3*s = 1655, -1157 = 4*j + 2*s + 167. Let l = -12270 + 12753. Let b = l + j. What is the units digit of b?
2
Let y(s) = s**2 + 11*s - 87. Let r(l) = -2*l**3 + 6*l**2 + 7*l - 16. Let i be r(4). What is the units digit of y(i)?
3
Let y be ((-79)/2)/(2/4). Let n(m) = 25*m + 230. Let v be n(-3). Let b = v + y. What is the tens digit of b?
7
Let t be (-8)/(-3)*(-39)/(-26). Suppose 0 = -3*n + 12, 5*a + t*n - 34 - 42 = 0. What is the tens digit of (-229)/(-4) - (-9)/a?
5
Let w be 7*6 + 5*6/(-15). Let s = -36 + w. Suppose -4*v + 3*p = -p - 176, -215 = -5*v + s*p. What is the tens digit of v?
3
Suppose 6*n = n - 4*c - 20, -n = -4*c - 20. Suppose n = 5*a, -3*z + 930 = -0*z - 3*a. What is the units digit of z?
0
Let n = -58 + -10. Let p = 93 - n. Let r = -88 + p. What is the tens digit of r?
7
Suppose -5*u - 12 = -2*u, 0 = v + 4*u + 14. Let i be v/(4/(-3 + 1)). What is the hundreds digit of (-951)/(-9) - -1*i/(-3)?
1
Suppose 20*c = -10*c - 63960. Let i = -1239 - c. What is the hundreds digit of i?
8
Suppose -x + 11740 = 5*p, -p + 15*x = 14*x - 2348. What is the hundreds digit of p?
3
Let c(w) = 38*w**2 - 10*w - 16. Suppose -334 = 3*r - 352. What is the thousands digit of c(r)?
1
Let d = -4429 + 14275. What is the units digit of d?
6
Let u = -12248 - -21810. What is the hundreds digit of u?
5
Suppose 4*a + 3*a = 28. Suppose -4*t - 3*r + 23 = 0, -4*t + 5*t - r = a. Suppose -263 = -t*b - 2*u, 4*b + u - 184 = 6*u. What is the units digit of b?
1
Let q be ((6/(-4))/(-1))/3*84. Suppose -5*h + 7*f = 4*f - 551, -4*f = -2*h + 212. Let g = h - q. What is the 